{"id":226,"date":"2025-11-30T17:09:38","date_gmt":"2025-11-30T16:09:38","guid":{"rendered":"https:\/\/openspacemy.pl\/?page_id=226"},"modified":"2026-02-10T21:41:02","modified_gmt":"2026-02-10T20:41:02","slug":"infrastruktura-kultury-2025","status":"publish","type":"page","link":"https:\/\/openspacemy.pl\/index.php\/infrastruktura-kultury-2025\/","title":{"rendered":"INFRASTRUKTURA KULTURY 2025"},"content":{"rendered":"\n<p id=\"\u00a0\">Dofinansowano ze \u015brodk\u00f3w Ministra Kultury i&nbsp;Dziedzictwa Narodowego pochodz\u0105cych z&nbsp;Funduszu Promocji Kultury &#8211; pa\u0144stwowego funduszu celowego<\/p>\n\n\n\n<p>Adaptacja przestrzeni w celu organizacji rezydencji artystycznych<\/p>\n\n\n\n<figure class=\"wp-block-image aligncenter size-large is-resized\"><img decoding=\"async\" loading=\"lazy\" src=\"https:\/\/openspacemy.pl\/wp-content\/uploads\/2025\/11\/logo_MKiDN-1024x288.png\" alt=\"\" class=\"wp-image-227\" width=\"530\" height=\"148\" srcset=\"https:\/\/openspacemy.pl\/wp-content\/uploads\/2025\/11\/logo_MKiDN-1024x288.png 1024w, https:\/\/openspacemy.pl\/wp-content\/uploads\/2025\/11\/logo_MKiDN-300x84.png 300w, https:\/\/openspacemy.pl\/wp-content\/uploads\/2025\/11\/logo_MKiDN-768x216.png 768w, https:\/\/openspacemy.pl\/wp-content\/uploads\/2025\/11\/logo_MKiDN.png 1536w\" sizes=\"(max-width: 530px) 100vw, 530px\" \/><\/figure>\n\n\n\n<figure class=\"wp-block-image aligncenter size-large is-resized\"><img decoding=\"async\" loading=\"lazy\" src=\"https:\/\/openspacemy.pl\/wp-content\/uploads\/2026\/02\/znaki_strona_www-1024x341.png\" alt=\"\" class=\"wp-image-241\" width=\"334\" height=\"111\" srcset=\"https:\/\/openspacemy.pl\/wp-content\/uploads\/2026\/02\/znaki_strona_www-1024x341.png 1024w, https:\/\/openspacemy.pl\/wp-content\/uploads\/2026\/02\/znaki_strona_www-300x100.png 300w, https:\/\/openspacemy.pl\/wp-content\/uploads\/2026\/02\/znaki_strona_www-768x256.png 768w, https:\/\/openspacemy.pl\/wp-content\/uploads\/2026\/02\/znaki_strona_www-1536x511.png 1536w, https:\/\/openspacemy.pl\/wp-content\/uploads\/2026\/02\/znaki_strona_www.png 1751w\" sizes=\"(max-width: 334px) 100vw, 334px\" \/><\/figure>\n\n\n\n<p>Dzi\u0119ki dotacji Ministerstwa Kultury i Dziedzictwa Narodowego w ramach programu Infrastruktura Kultury 2025 mo\u017cemy wykona\u0107 gruntowny remont naszej przestrzeni przy ul. Grunwaldzkiej w Mys\u0142owicach.<\/p>\n\n\n\n<p>To dla Fundacji Otwarta Przestrze\u0144 Mys\u0142owice nie tylko inwestycja w przestrze\u0144 wsp\u00f3ln\u0105 \u2013 miejsce spotka\u0144, pracy tw\u00f3rczej, edukacji i dzia\u0142a\u0144 spo\u0142eczno-artystycznych. Remont pozwoli nam dzia\u0142a\u0107 z jeszcze wi\u0119ksz\u0105 otwarto\u015bci\u0105 na lokaln\u0105 spo\u0142eczno\u015b\u0107.<br>Ju\u017c wkr\u00f3tce b\u0119dziemy dzieli\u0107 si\u0119 kolejnymi etapami zmian!<\/p>\n\n\n\n<figure class=\"is-layout-flex wp-block-gallery-1 wp-block-gallery has-nested-images columns-default is-cropped\">\n<figure class=\"wp-block-image size-large\"><img decoding=\"async\" loading=\"lazy\" width=\"1024\" height=\"576\" data-id=\"237\"  src=\"https:\/\/openspacemy.pl\/wp-content\/uploads\/2026\/01\/1766846699511-1024x576.jpg\" alt=\"\" class=\"wp-image-237\" srcset=\"https:\/\/openspacemy.pl\/wp-content\/uploads\/2026\/01\/1766846699511-1024x576.jpg 1024w, https:\/\/openspacemy.pl\/wp-content\/uploads\/2026\/01\/1766846699511-300x169.jpg 300w, https:\/\/openspacemy.pl\/wp-content\/uploads\/2026\/01\/1766846699511-768x432.jpg 768w, https:\/\/openspacemy.pl\/wp-content\/uploads\/2026\/01\/1766846699511-1536x864.jpg 1536w, https:\/\/openspacemy.pl\/wp-content\/uploads\/2026\/01\/1766846699511.jpg 2048w\" sizes=\"(max-width: 1024px) 100vw, 1024px\" \/><\/figure>\n\n\n\n<figure class=\"wp-block-image size-large\"><img decoding=\"async\" loading=\"lazy\" width=\"768\" height=\"1024\" data-id=\"235\"  src=\"https:\/\/openspacemy.pl\/wp-content\/uploads\/2026\/01\/1766846700657-768x1024.jpg\" alt=\"\" class=\"wp-image-235\" srcset=\"https:\/\/openspacemy.pl\/wp-content\/uploads\/2026\/01\/1766846700657-768x1024.jpg 768w, https:\/\/openspacemy.pl\/wp-content\/uploads\/2026\/01\/1766846700657-225x300.jpg 225w, https:\/\/openspacemy.pl\/wp-content\/uploads\/2026\/01\/1766846700657-1152x1536.jpg 1152w, https:\/\/openspacemy.pl\/wp-content\/uploads\/2026\/01\/1766846700657.jpg 1200w\" sizes=\"(max-width: 768px) 100vw, 768px\" \/><\/figure>\n\n\n\n<figure class=\"wp-block-image size-large\"><img decoding=\"async\" loading=\"lazy\" width=\"576\" height=\"1024\" data-id=\"236\"  src=\"https:\/\/openspacemy.pl\/wp-content\/uploads\/2026\/01\/1766846700686-576x1024.jpg\" alt=\"\" class=\"wp-image-236\" srcset=\"https:\/\/openspacemy.pl\/wp-content\/uploads\/2026\/01\/1766846700686-576x1024.jpg 576w, https:\/\/openspacemy.pl\/wp-content\/uploads\/2026\/01\/1766846700686-169x300.jpg 169w, https:\/\/openspacemy.pl\/wp-content\/uploads\/2026\/01\/1766846700686-768x1365.jpg 768w, https:\/\/openspacemy.pl\/wp-content\/uploads\/2026\/01\/1766846700686-864x1536.jpg 864w, https:\/\/openspacemy.pl\/wp-content\/uploads\/2026\/01\/1766846700686.jpg 900w\" sizes=\"(max-width: 576px) 100vw, 576px\" \/><\/figure>\n<\/figure>\n","protected":false},"excerpt":{"rendered":"<p>Dofinansowano ze \u015brodk\u00f3w Ministra Kultury i&nbsp;Dziedzictwa Narodowego pochodz\u0105cych z&nbsp;Funduszu Promocji Kultury &#8211; pa\u0144stwowego funduszu celowego Adaptacja przestrzeni w celu organizacji rezydencji artystycznych Dzi\u0119ki dotacji Ministerstwa Kultury i Dziedzictwa Narodowego w ramach programu Infrastruktura Kultury 2025 mo\u017cemy wykona\u0107 gruntowny remont naszej przestrzeni przy ul. Grunwaldzkiej w Mys\u0142owicach. To dla Fundacji Otwarta Przestrze\u0144 Mys\u0142owice nie tylko inwestycja [&hellip;]<\/p>\n","protected":false},"author":1,"featured_media":0,"parent":0,"menu_order":0,"comment_status":"closed","ping_status":"closed","template":"","meta":[],"_links":{"self":[{"href":"https:\/\/openspacemy.pl\/index.php\/wp-json\/wp\/v2\/pages\/226"}],"collection":[{"href":"https:\/\/openspacemy.pl\/index.php\/wp-json\/wp\/v2\/pages"}],"about":[{"href":"https:\/\/openspacemy.pl\/index.php\/wp-json\/wp\/v2\/types\/page"}],"author":[{"embeddable":true,"href":"https:\/\/openspacemy.pl\/index.php\/wp-json\/wp\/v2\/users\/1"}],"replies":[{"embeddable":true,"href":"https:\/\/openspacemy.pl\/index.php\/wp-json\/wp\/v2\/comments?post=226"}],"version-history":[{"count":6,"href":"https:\/\/openspacemy.pl\/index.php\/wp-json\/wp\/v2\/pages\/226\/revisions"}],"predecessor-version":[{"id":242,"href":"https:\/\/openspacemy.pl\/index.php\/wp-json\/wp\/v2\/pages\/226\/revisions\/242"}],"wp:attachment":[{"href":"https:\/\/openspacemy.pl\/index.php\/wp-json\/wp\/v2\/media?parent=226"}],"curies":[{"name":"wp","href":"https:\/\/api.w.org\/{rel}","templated":true}]}}